se -3*l + 6 = -0*l. Suppose 0 = 4*j - l*t - 14 - 4, 3*j - 26 = 4*t. Suppose -j*m + 5 = -3*m. Let f(b) = -b**3 - 5*b**2 - 3. Calculate f(m).
-3
Let h(d) = d - 10. Suppose -2*c + 48 = 2*c. Let x be h(c). Let f(r) = 4*r**2 - 2*r - r**3 - 5*r**x + 3*r. What is f(1)?
-1
Suppose c + 4*c + 2*j - 8 = 0, 0 = 5*c - 2*j + 8. Let b = c - -6. Let p(v) = v**3 - 7*v**2 + 5*v + 3. Calculate p(b).
-3
Let l = -16 + 9. Let w(f) = -2*f**2 - 5*f. Let b(s) = -s**2 - 3*s. Let r(q) = l*b(q) + 4*w(q). Determine r(-2).
-6
Let o(l) = l**3 + l**2 + 2*l - 7. Let r be o(0). Let k be -1 + (1*-17)/(-1). Let g be k/(-72) - r/(-9). Let u(c) = 2*c - 1. What is u(g)?
-3
Let b(u) = u + 0 + 1 - 4*u. What is b(2)?
-5
Let n(t) = -t + 0*t**2 + t**2 - 3*t. Let z be ((-20)/30)/((-2)/9). Determine n(z).
-3
Suppose 0 = -2*x + 3*x - 4*d + 2, -2*x = -2*d - 2. Let l(r) = -r**2 + r - 1. Determine l(x).
-3
Let r(z) = -6*z**2 - 6*z + 5. Let y(u) = 5*u**2 + 5*u - 4. Let h(p) = 6*r(p) + 7*y(p). Give h(-2).
0
Let w(x) = -8 - 6*x + 4 - 3 + 4. What is w(-3)?
15
Let d(u) = u - 4*u + 4*u**2 + 2*u + 2 + u**3 - 4. Let h be (-3)/2*2 + 0. Determine d(h).
10
Let s = 7 + -2. Let t be 1 - (-1 - 0 - -2). Let n(r) = -5*r + t - 7 + 2*r**2 - r**2 + 1. Determine n(s).
-6
Let t be (-4)/8*2*1. Let z(h) = -26*h**2 - 3*h + 5. Let p(v) = -13*v**2 - v + 2. Let s(y) = -5*p(y) + 2*z(y). Determine s(t).
14
Let n(y) = 0 - 1 - 1 - 6*y - 5 + y**2. Calculate n(5).
-12
Suppose 3*o - 26 = 3*y + 4*o, -y - 4*o = 16. Let n(b) = b**3 + 7*b**2 - 9*b - 12. Calculate n(y).
-4
Let a(u) = 2*u - 4. Let q be (1/((-4)/(-12)))/(-1). Let i be 2 - ((-7)/1 - q). Calculate a(i).
8
Let j(f) be the first derivative of 5*f**2/2 + 2*f - 10. What is j(-4)?
-18
Let h(s) = -13 + 6 + 2*s - 4. Calculate h(8).
5
Let g(b) = -2*b - 1 + 0*b + 3*b - 4*b. Give g(5).
-16
Suppose 2*g = -2*g - 24. Let i = g - -5. Let s(c) = 5*c + 1. What is s(i)?
-4
Let i(k) = -7*k**3 + 14*k**2 - 23*k + 13. Let u be 12/4 + -2 + -8. Let g(t) = -10*t**3 + 21*t**2 - 34*t + 20. Let z(o) = u*i(o) + 5*g(o). Give z(6).
-9
Let i(n) = 2*n**2 - 7*n**3 + 2*n + 0*n**3 + 1 - 4*n**3. Give i(-1).
12
Let y = 19 + -16. Let v(c) = -y + 3 - 3*c - c. Let l(g) = g**2 + 7*g + 9. Let s be l(-6). Calculate v(s).
-12
Suppose -4 = -5*f - 2*k, -f + 5*k = -5*f - 7. Suppose 6 + 6 = 4*n. Let x(b) = -n*b**f + 6*b**2 + b - 5 - 2*b**2. Give x(0).
-5
Let d(c) = -3*c - 1 + 4*c + 6 - 2*c. Give d(0).
5
Let v = 11 + -8. Suppose -3*w = 2*t - 4, 0 = -v*w + w. Suppose 5*h - 2 = 4*k + 13, -4*k - 18 = -t*h. Let z(x) = -4*x**2 - x. Calculate z(h).
-3
Let y(z) = 5*z**3 - 6*z**2 - 6*z + 4. Let j(w) = -5*w**2 + 3 - 4*w**3 + 4*w**3 - w + 4*w**3 - 4*w. Let i(o) = -4*j(o) + 3*y(o). Let n = 11 + -8. What is i(n)?
-3
Let g(b) = -8*b. Suppose 3*d + 2 = -4*p - 11, 0 = 5*p + 2*d + 11. Give g(p).
8
Let w(l) = l - 5. Let q = -5 + 3. Let z = q - -1. Let o be (8*(z + 2))/2. Calculate w(o).
-1
Let h(m) = -2*m**2 + m. Let o be ((-1)/(-2))/((-1)/(-6)). Let k = o + -1. Suppose k*a = 2, -a = 4*c - 0*a - 9. What is h(c)?
-6
Let w(x) = -x**3 + 3*x**2 + 4*x - 3. Let u(a) be the first derivative of 4*a**3/3 - a**2/2 + a - 2. Let k be u(1). Give w(k).
-3
Let v(k) = 5*k**3 - 8*k**2 - 10*k - 2. Let s(o) = -6*o**3 + 9*o**2 + 11*o + 1. Let f(x) = 4*s(x) + 5*v(x). Let y = 116 + -111. What is f(y)?
-11
Let r(a) be the first derivative of 2*a**2 + 36. Suppose 3*y + 8 = p, p - 5*p = y - 6. Let q be (y*1)/(0 - -1). What is r(q)?
-8
Suppose 0*x - x + 3 = 0. Suppose -5 = -w, 0 = -2*t - 4*w - w + 31. Let r(v) = v**2 + v - 5*v**2 + 3*v**2 + v + t. What is r(x)?
0
Let o(b) = 0 - 2 + 3*b + 2*b + 3. Calculate o(1).
6
Let f(l) = 2*l + 2 + 0*l + l - 4*l**2 - 3 + 2*l**3. Let v(h) = h. Let c be v(-1). Let t be 1/2*6 + c. What is f(t)?
5
Let x(c) = c**3 - c**2. Let r(w) = -5*w**2 - 1. Let v(h) = -r(h) + x(h). Give v(-4).
1
Let u(f) be the first derivative of f**4/4 + 7*f**3/3 + 4*f**2 + 8*f + 19. Let l be (-3 - 0) + (-9)/3. Determine u(l).
-4
Let p(g) be the third derivative of g**4/24 - g**3/6 + 2*g**2. Calculate p(-5).
-6
Let d(t) = -t**2 + 6*t + 2. Suppose 0 = f, f = 2*q - 3*q - 5. Let g be 12/(-10)*q/2. Suppose 2*r + 1 = 3*r + 2*m, -g*r - 2*m + 11 = 0. Calculate d(r).
7
Let w = -6 - -5. Let a(f) be the third derivative of 1/6*f**3 + 0*f**4 + 0*f + 0 + 1/10*f**5 - 2*f**2. Determine a(w).
7
Suppose -5*o + 4 = -3*v - 5, -4*v = 2*o - 14. Suppose 0 = 4*m + m - 5. Let c(y) = 10*y**3 + y**2 - 2 + 4*y**2 + m - o*y**2. Give c(1).
11
Let m(s) = s**3 - s. Let d = 6 + -2. Suppose 16 = d*t - 4*i, -4*t - 3*i + 2*i = -26. Suppose b - t*b = 5. Give m(b).
0
Let z(f) = -f**2 + 30*f + 52. Let a be z(32). Let w(v) = -v**3 - 13*v**2 - 13*v - 16. Calculate w(a).
-4
Let y = 3 - 6. Let j(w) = -3*w + 9. Let g(k) = k - 1. Let t(v) = -6*g(v) - j(v). Calculate t(y).
6
Let o(a) = -1. Let u(h) = h - 1. Let l be u(-1). Let k(f) = f - 1. Let x(n) = l*k(n) + 2*o(n). What is x(2)?
-4
Let b(f) be the second derivative of 0 - 4*f**2 - 1/20*f**5 + 1/6*f**3 + 0*f**4 + 2*f. What is b(0)?
-8
Let a be (0 - -2)*12/8. Let r(o) = -a*o + 2 + 0*o + 4*o. What is r(3)?
5
Suppose -9 - 7 = -4*t. Suppose 2 = -t*k + 2*k. Let w(v) = -3*v**2 + v + 3. Let x(n) = -11*n**2 + 4*n + 13. Let m(f) = -9*w(f) + 2*x(f). Calculate m(k).
5
Let j(p) be the first derivative of -p**4/4 - 2*p**3 - 3*p**2/2 + 7*p - 54. What is j(-5)?
-3
Let v(y) = -y**2 + 3*y - 2. Suppose -3*a - 8 = a. Let p = a - -7. What is v(p)?
-12
Let g(u) = -u**2 + 4*u + 1. Let j be (-4)/(-2 + 1) + 1. What is g(j)?
-4
Let i(w) = -w - 10. Suppose -8*v = 54 - 110. Determine i(v).
-17
Let x be (-3)/(-12) + 9/12. Let r(d) = 0*d + x - d + 2*d - d**2 - 7*d**3 + 0. Calculate r(-1).
6
Let p(r) be the third derivative of 1/120*r**6 - 3*r**2 + 1/30*r**5 + 1/24*r**4 + 0 + 0*r - 1/6*r**3. Give p(-3).
-13
Let j(f) = 2*f**3 + 19*f**2 - 5*f - 3. Let a(o) = 3*o**3 + 28*o**2 - 7*o - 5. Let r(q) = -5*a(q) + 7*j(q). Let v = -68 + 61. Calculate r(v).
4
Let l(y) = -y**2 - 1. Let o = 11 - 6. Let u be 4/(1/((-9)/(-6))). Let z = u - o. What is l(z)?
-2
Let c be (-12)/18*(-2 - 4). Let s(a) = 2 + 6*a**2 + 2*a**2 - 7*a**2 + 2*a - c. What is s(-2)?
-2
Suppose 5*r - 18 - 5 = m, 5*r - 5*m = 35. Let o(n) = 1 + 5*n - 84*n**2 - 3 + 79*n**2 + n**3. What is o(r)?
2
Let q(r) = -r**2 + 21*r + 43. Let s be q(-2). Let o = 11 - 7. Let n(d) = -1 + 2 - o - d. What is n(s)?
0
Let t(h) = h**3 + 3*h**2 - 5*h - 2. Let p be t(-4). Let u be (-1)/(-1 + p)*3. Let n(k) be the first derivative of -k**2/2 + 2*k - 4. Determine n(u).
5
Let k(f) be the third derivative of f**5/60 + f**4/24 - 2*f**3/3 + 2*f**2. Give k(-4).
8
Suppose 3*u - 4*i + 8 = 0, 4*u = -4*i - 0*i + 8. Let k(o) = o**2 + o - 14. Determine k(u).
-14
Let f(c) be the third derivative of -c**8/20160 - c**7/630 - c**6/120 - c**5/60 - 3*c**2. Let i(s) be the third derivative of f(s). What is i(-6)?
6
Suppose 3*c = -2*u - 8, 0*u + 4*u + 16 = -2*c. Let f(o) = o + 1. Let j(y) = -y**2 - 2. Let w(s) = 4*f(s) - j(s). Calculate w(u).
6
Let w = -199 + 1593/8. Let o(s) be the third derivative of 0 - w*s**4 - s**2 + 0*s - 1/6*s**3. Give o(-1).
2
Let u = 18 - 12. Let q(r) be the second derivative of -r**3/6 + 2*r**2 - r. Give q(u).
-2
Let t(i) be the second derivative of -i**4/12 - i**3/6 - i**2 + 2*i. Give t(-3).
-8
Let w(g) = g**2 + 3*g - 4. Let z(p) be the third derivative of p**6/120 + p**5/12 - 5*p**4/24 + p**3/6 - 2*p**2. Let n be z(-6). What is w(n)?
6
Let z = 93 + -89. Let g(i) = 2*i - 2. What is g(z)?
6
Let a(w) = w**3 + 6*w**2 - w + 3. Let d(y) = -y**3 - 6*y**2 + 9*y + 9. Let h be d(-7). Let c be 32/h - 6/(-15). What is a(c)?
9
Suppose -28 = 3*z - 7*k + 3*k, -32 = 4*z - 4*k. Let y(f) = -f**3 - 4*f**2 - f - 4. Let c be y(-4). Let j(n) = 2*n + 1 - 2 + c*n. Give j(z).
-9
Let m(l) = l**3 + 3*l**2 - 6*l - 2. Let o be m(-4). Let g = 6 - o. Let c(i) = 2*i + g*i - 5 + 0 + 0*i. Determine c(4).
3
Let x(p) be the first derivative of p**3/3 - 4*p - 8. What is x(3)?
5
Let c(l) = 3*l**3 - 5*l**2 - 8*l - 6. Let i(j) = -4*j**3 + 5*j**2 + 9*j + 7. Let x(t) = -3*c(t) - 2*i(t). What is x(6)?
4
Suppose 1 = 2*x - 7. Let o(b) = 4 + 4*b + x*b + b**3 + 5*b**2 - b. Determine o(-4).
-8
Let g = -118 - -122. Let i(m) = -3*m**3 - 5*m**2 + 3*m + 1. Let a(h) = -4*h**3 - 5*h**2 + 3*h. Let o(k) = -4*a(k) + 5*i(k). Calculate o(g).
1
Let p(m) be the second derivative of -2*m**2 + 1